25827 prime?
True
Is 162526847 prime?
False
Is 26597733 prime?
False
Is 48331519 composite?
False
Is 10637643 prime?
False
Is 394063273 a prime number?
True
Is 4511051 composite?
False
Is 6085427 composite?
True
Is 8515229 a prime number?
True
Is 5251097 a composite number?
False
Is 7755131 a prime number?
True
Is 58712249 prime?
True
Is 24536219 composite?
True
Is 533718019 composite?
False
Is 2752509 a composite number?
True
Is 2100634 a prime number?
False
Is 63983041 prime?
False
Is 780799 a prime number?
True
Is 33684071 composite?
False
Is 105050689 prime?
True
Is 23181667 a composite number?
False
Is 227175307 a prime number?
True
Is 115245913 a composite number?
True
Is 426160217 a prime number?
False
Is 169081961 a composite number?
True
Is 92556897 prime?
False
Is 98594103 a composite number?
True
Is 335332657 composite?
True
Is 26468491 a composite number?
True
Is 5602307 prime?
False
Is 30520019 a prime number?
True
Is 41644399 a composite number?
True
Is 3098191 composite?
False
Is 99278 a composite number?
True
Is 12914983 a composite number?
True
Is 175148579 a composite number?
False
Is 189507943 a composite number?
False
Is 4490957 a prime number?
False
Is 47531461 composite?
True
Is 437746 prime?
False
Is 2765029 a prime number?
False
Is 5293333 a composite number?
False
Is 353785205 a composite number?
True
Is 35225249 a composite number?
False
Is 267287 prime?
False
Is 27103757 composite?
True
Is 14761 a prime number?
False
Is 271478629 a composite number?
True
Is 134050901 prime?
True
Is 245327281 a composite number?
True
Is 48245 a prime number?
False
Is 2444143 prime?
False
Is 1905151 prime?
False
Is 26693729 composite?
False
Is 1555679 prime?
True
Is 41014361 a composite number?
False
Is 459488093 a composite number?
True
Is 13577 composite?
False
Is 675445811 a composite number?
False
Is 616589 a composite number?
False
Is 145188553 composite?
False
Is 164534899 a prime number?
False
Is 22104491 prime?
True
Is 9112297 a composite number?
True
Is 15499829 composite?
False
Is 18429179 composite?
True
Is 27591241 a prime number?
True
Is 39353057 prime?
True
Is 80125937 composite?
False
Is 2961234071 a composite number?
False
Is 810169 prime?
False
Is 276242249 prime?
True
Is 852561914 prime?
False
Is 3149453 prime?
False
Is 180533 composite?
False
Is 66637 a composite number?
True
Is 512243 prime?
False
Is 66244969 composite?
True
Is 13269143 prime?
True
Is 479378477 prime?
False
Is 1514467 prime?
False
Is 370584749 composite?
False
Is 87673463 a prime number?
True
Is 570658601 a composite number?
True
Is 7989017 a prime number?
False
Is 6194701 a prime number?
True
Is 78644233 a prime number?
False
Is 495127 prime?
False
Is 59714173 a composite number?
False
Is 618719 a composite number?
False
Is 181827539 prime?
True
Is 10618613 a prime number?
False
Is 1474183 composite?
True
Is 172793 prime?
False
Is 1974701 composite?
False
Is 55153859 a prime number?
True
Is 137278363 prime?
False
Is 1465817 a prime number?
False
Is 129822499 a prime number?
True
Is 181258369 a composite number?
True
Is 584169 a prime number?
False
Is 52906033 composite?
True
Is 1069421 prime?
True
Is 431647 prime?
False
Is 26789197 composite?
False
Is 305604421 a composite number?
False
Is 13462877 prime?
True
Is 16444749 prime?
False
Is 1483231 a prime number?
True
Is 3088967 composite?
True
Is 20318957 a prime number?
False
Is 7231219 prime?
True
Is 16756367 a composite number?
True
Is 67277927 prime?
False
Is 132590339 a composite number?
True
Is 10167617 a prime number?
True
Is 12642281 a composite number?
False
Is 700710191 prime?
False
Is 13918655 composite?
True
Is 2728067 composite?
False
Is 811853 prime?
False
Is 2053094 composite?
True
Is 15573991 prime?
True
Is 241336649 composite?
False
Is 21399421 prime?
True
Is 3325813 a prime number?
False
Is 12844717 a prime number?
False
Is 4939513 a prime number?
False
Is 6144751 prime?
True
Is 8274583 composite?
True
Is 387691253 a prime number?
True
Is 655049 a prime number?
False
Is 25051087 composite?
False
Is 10231323 a composite number?
True
Is 3608021 a prime number?
False
Is 24815683 composite?
False
Is 28006951 composite?
True
Is 237856303 composite?
False
Is 1931453 a composite number?
False
Is 629203 prime?
True
Is 3480671 prime?
True
Is 181463203 composite?
True
Is 7549427 a composite number?
False
Is 24309241 a composite number?
True
Is 26127449 composite?
False
Is 30873391 composite?
True
Is 1893581 a prime number?
True
Is 197671765 prime?
False
Is 234235291 composite?
True
Is 8629633 a composite number?
True
Is 88944194 composite?
True
Is 27683833 a prime number?
False
Is 715399323 a composite number?
True
Is 100131557 composite?
False
Is 3570913 a prime number?
False
Is 23968319 composite?
False
Is 1114373761 a composite number?
True
Is 322269679 a prime number?
True
Is 68350057 a composite number?
False
Is 8048801 prime?
True
Is 309438301 prime?
False
Is 1132177 a prime number?
True
Is 3929917 composite?
False
Is 4207771 prime?
True
Is 24770917 composite?
False
Is 39876589 prime?
True
Is 331259 composite?
False
Is 18423131 a prime number?
True
Is 15128287 prime?
True
Is 7962217 prime?
False
Is 60915551 prime?
True
Is 145472959 prime?
True
Is 162724049 a prime number?
True
Is 1812509 a composite number?
False
Is 2445967 composite?
False
Is 1561237 composite?
True
Is 346293769 a prime number?
True
Is 21944291 a prime number?
True
Is 409943 a prime number?
True
Is 81468626 a composite number?
True
Is 6543613 prime?
True
Is 218954381 prime?
True
Is 2980253 a prime number?
False
Is 6937867 prime?
False
Is 102073229 prime?
True
Is 187998233 composite?
True
Is 1443257 prime?
True
Is 27618373 a composite number?
False
Is 71723087 a prime number?
False
Is 8492369 a composite number?
False
Is 1626371 a composite number?
False
Is 26913365 prime?
False
Is 4563241 a composite number?
True
Is 88932497 composite?
True
Is 135267277 a composite number?
False
Is 135777959 a prime number?
True
Is 9923413 a composite number?
False
Is 21676867 prime?
False
Is 2101403 composite?
True
Is 138528071 a composite number?
True
Is 9376879 a prime number?
False
Is 375991531 prime?
True
Is 47947307 a prime number?
True
Is 10760873 a composite number?
False
Is 9615709 a prime number?
True
Is 3128261 a composite number?
True
Is 19627151 composite?
True
Is 9363529 composite?
True
Is 506569547 prime?
False
Is 15864133 composite?
False
Is 35910811 a composite number?
True
Is 4036073 composite?
True
Is 339079 composite?
True
Is 6224717 a prime number?
True
Is 116240573 composite?
False
Is 204982399 composite?
False
Is 26046659 a prime number?
False
Is 32094833 a composite number?
False
Is 43390253 prime?
True
Is 1174969 a composite number?
False
Is 1649477 composite?
True
Is 403943 a composite number?
True
Is 242187929 composite?
True
Is 356425963 composite?
True
Is 7968691 a composite number?
False
Is 1469717 a prime number?
True
Is 11847869 a composite number?
True
Is 2408377 prime?
False
Is 136134209 a prime number?
False
Is 28071577 a composite number?
False
Is 1172257 composite?
False
Is 422957 a prime number?
False
Is 16143683 a composite number?
True
Is 25067407 a prime number?
False
Is 40232651 composite?
False
Is 594359 prime?
True
Is 922782917 prime?
False
Is 1679191 a composite number?
True
Is 28198931 a prime number?
True
Is 9199535 composite?
True
Is 76275623 prime?
True
Is 328724083 prime?
True
Is 2382997 composite?
True
Is 271693063 a composite number?
False
Is 6793819 a composite number?
True
Is 25260917 a prime number?
False
Is 236502881 composite?
True
Is 6421727 prime?
False
Is 631941163 a prime number?
False
Is 1790137 a prime number?
True
Is 487233247 a composite number?
False
Is 177719153 a prime number?
True
Is 1577959 a prime number?
True
Is 47497553 composite?
True
Is 28367021 a composite number?
False
Is 58099 composite?
False
Is 1330579 composite?
True
Is 9643423 composite?
True
Is 1990543 a composite number?
False
Is 439776479 composite?
False
Is 1657511 a composite number?
True
Is 8425717 prime?
True
Is 55977407 composite?
False
Is 140736854 composite?
True
Is 10073429 prime?
False
Is 7256899 prime?
False
Is 37445147 prime?
False
Is 427819342 a prime number?
False
Is 6444517 prime?
T